{"id":5721,"date":"2024-08-27T19:58:38","date_gmt":"2024-08-27T17:58:38","guid":{"rendered":"https:\/\/parafia-osieczna.pl\/?page_id=5721"},"modified":"2024-08-27T20:14:21","modified_gmt":"2024-08-27T18:14:21","slug":"bezpieczne-zasady-kontaktu","status":"publish","type":"page","link":"https:\/\/parafia-osieczna.pl\/?page_id=5721","title":{"rendered":"STANDARDY OCHRONY MA\u0141OLETNICH W PARAFII \u2013 SKR\u00d3T"},"content":{"rendered":"\n<p><strong>BEZPIECZNE ZASADY KONTAKTU<\/strong><\/p>\n\n\n\n<p>\u2756Wybieraj oficjalne, og\u00f3lnodost\u0119pne i przygotowane miejsca do spotka\u0144. Sakrament pokuty i pojednania oraz spotkania modlitewne lub duchowe powinny odbywa\u0107 si\u0119 tylko w specjalnie do tego wyznaczonych miejscach, takich jak konfesjona\u0142, kaplica lub biuro parafialne.<\/p>\n\n\n\n<p>\u2756 Unikaj przebywania z doros\u0142ym w odizolowanych warunkach.<br>\u2756 Nie przebywaj w parafialnych pomieszczeniach mieszkalnych bez opieki rodzica<\/p>\n\n\n\n<p>lub opiekuna prawnego.<br>\u2756 Pozostawaj zawsze pod opiek\u0105 osoby doros\u0142ej.<br>\u2756 Nie b\u0105d\u017a pod wy\u0142\u0105czn\u0105 opiek\u0105 innego dziecka.<br>\u2756 Nie podr\u00f3\u017cuj prywatnymi samochodami bez zgody rodzic\u00f3w lub opiekun\u00f3w.<br>\u2756 Nie przechod\u017a na \u201ety\u201d z doros\u0142ym.<br>\u2756Pami\u0119taj, \u017ce stosowanie przemocy fizycznej i psychicznej wobec Ciebie<\/p>\n\n\n\n<p>jest zakazane.<\/p>\n\n\n\n<p>BEZPIECZNE WYJAZDY<\/p>\n\n\n\n<p>\u2756 Organizacja spotka\u0144:<br>o Twoi rodzice zawsze musz\u0105 wiedzie\u0107, kiedy b\u0119d\u0105 spotkania.<br>o Rodzice musz\u0105 zawsze wyrazi\u0107 pisemn\u0105 zgod\u0119 na Tw\u00f3j udzia\u0142.<br>o Twoi rodzice musz\u0105 pozna\u0107 okre\u015blone zasady odbioru i komunikacji<\/p>\n\n\n\n<p>elektronicznej.<br>o Podczas wyjazdu rodzice lub opiekunowie maj\u0105 prawo do kontaktu<\/p>\n\n\n\n<p>z Tob\u0105 lub opiekunem.<\/p>\n\n\n\n<p>BEZPIECZNY KONTAKT W \u015aRODOWISKU CYFROWYM<\/p>\n\n\n\n<p>\u2756 Korzystanie z komunikator\u00f3w i e-maili:<br>o Pami\u0119taj, \u017ce nie jeste\u015b anonimowy. Uwa\u017caj, co piszesz w internecie.<br>o Doro\u015bli nie powinni wysy\u0142a\u0107 Ci wiadomo\u015bci po godzinie 22:00. Wyj\u0105tkiem<\/p>\n\n\n\n<p>jest sytuacja, gdy wiadomo\u015b\u0107 jest wysy\u0142ana do ca\u0142ej grupy i rodzice lub<\/p>\n\n\n\n<p>opiekunowie wyrazili na to zgod\u0119. \u2756 Bezpieczny dost\u0119p do Internetu:<\/p>\n\n\n\n<p>o Parafie, kt\u00f3re udost\u0119pniaj\u0105 Internet, musz\u0105 stosowa\u0107 bezpiecze\u0144stwa, kt\u00f3re blokuj\u0105 dost\u0119p do nieodpowiednich tre\u015bci. o Dzi\u0119ki tym zabezpieczeniom, korzystanie z Internetu<\/p>\n\n\n\n<p>dla Ciebie bezpieczne i odpowiednie do Twojego wieku.<\/p>\n\n\n\n<p>\u015brodki b\u0119dzie<\/p>\n\n\n\n<p>Pami\u0119tajcie!<\/p>\n\n\n\n<p>\u25aa Bezpiecze\u0144stwo: Wasze bezpiecze\u0144stwo jest najwa\u017cniejsze. Zawsze informujcie rodzic\u00f3w lub opiekun\u00f3w, gdzie si\u0119 znajdujecie i co robicie.<br>\u25aa Szacunek: W ka\u017cdej sytuacji pami\u0119tajcie o szacunku dla siebie nawzajem<\/p>\n\n\n\n<p>i dla os\u00f3b starszych.<br>\u25aa Zaufanie: Je\u015bli co\u015b Was niepokoi, zawsze mo\u017cecie porozmawia\u0107<\/p>\n\n\n\n<p>z rodzicami, opiekunami lub duchownym, kt\u00f3remu ufacie.<\/p>\n\n\n\n<p>PONI\u017bEJ ZNAJDZIESZ WYKAZ NUMER\u00d3W TELEFON\u00d3W, POD KT\u00d3RYMI R\u00d3WNIE\u017b ZNAJDZIESZ WSPARCIE:<\/p>\n\n\n\n<p>\u2756 800 70 2222 \/ wsparcie w kryzysie psychicznym<\/p>\n\n\n\n<p>bezp\u0142atnie, ca\u0142odobowo, 7 dni w tygodniu<\/p>\n\n\n\n<p>\u2756 116 123 \/ wsparcie w kryzysie emocjonalnym bezp\u0142atnie, ca\u0142odobowo, 7 dni w tygodniu<\/p>\n\n\n\n<p>\u2756 22 594 91 00 \/ wsparcie w depresji bezp\u0142atnie, \u015brody i czwartki w godz. 17.00-19.00<\/p>\n\n\n\n<p>\u2756 800 108 108 \/ wsparcie dla os\u00f3b w \u017ca\u0142obie i po stracie bezp\u0142atnie, w dni powszednie w godz. 14.00-20.00<\/p>\n\n\n\n<p>\u2756 112 \/ numer alarmowy<br>bezp\u0142atnie, ca\u0142odobowo, 7 dni w tygodniu<\/p>\n\n\n\n<p>OSOBA ZAUFANIA W PARAFII<\/p>\n\n\n\n<p>DANE: {Imi\u0119 i nazwisko}<\/p>\n\n\n\n<p>KONTAKT : {email}<\/p>\n","protected":false},"excerpt":{"rendered":"<p>BEZPIECZNE ZASADY KONTAKTU \u2756Wybieraj oficjalne, og\u00f3lnodost\u0119pne i przygotowane miejsca do spotka\u0144. Sakrament pokuty i pojednania oraz spotkania modlitewne lub duchowe powinny odbywa\u0107 si\u0119 tylko w specjalnie do tego wyznaczonych miejscach, takich jak konfesjona\u0142, kaplica lub biuro parafialne. \u2756 Unikaj przebywania z doros\u0142ym w odizolowanych warunkach.\u2756 Nie przebywaj w parafialnych pomieszczeniach mieszkalnych bez opieki rodzica lub [&hellip;]<\/p>\n","protected":false},"author":3,"featured_media":0,"parent":0,"menu_order":0,"comment_status":"closed","ping_status":"closed","template":"","meta":{"footnotes":""},"class_list":["post-5721","page","type-page","status-publish","hentry"],"yoast_head":"<!-- This site is optimized with the Yoast SEO plugin v19.7.1 - https:\/\/yoast.com\/wordpress\/plugins\/seo\/ -->\n<title>STANDARDY OCHRONY MA\u0141OLETNICH W PARAFII \u2013 SKR\u00d3T - Parafia Niepokalanego Pocz\u0119cia Naj\u015bwi\u0119tszej Maryi Panny w Osiecznej<\/title>\n<meta name=\"robots\" content=\"index, follow, max-snippet:-1, max-image-preview:large, max-video-preview:-1\" \/>\n<link rel=\"canonical\" href=\"https:\/\/parafia-osieczna.pl\/?page_id=5721\" \/>\n<meta property=\"og:locale\" content=\"pl_PL\" \/>\n<meta property=\"og:type\" content=\"article\" \/>\n<meta property=\"og:title\" content=\"STANDARDY OCHRONY MA\u0141OLETNICH W PARAFII \u2013 SKR\u00d3T - Parafia Niepokalanego Pocz\u0119cia Naj\u015bwi\u0119tszej Maryi Panny w Osiecznej\" \/>\n<meta property=\"og:description\" content=\"BEZPIECZNE ZASADY KONTAKTU \u2756Wybieraj oficjalne, og\u00f3lnodost\u0119pne i przygotowane miejsca do spotka\u0144. Sakrament pokuty i pojednania oraz spotkania modlitewne lub duchowe powinny odbywa\u0107 si\u0119 tylko w specjalnie do tego wyznaczonych miejscach, takich jak konfesjona\u0142, kaplica lub biuro parafialne. \u2756 Unikaj przebywania z doros\u0142ym w odizolowanych warunkach.\u2756 Nie przebywaj w parafialnych pomieszczeniach mieszkalnych bez opieki rodzica lub [&hellip;]\" \/>\n<meta property=\"og:url\" content=\"https:\/\/parafia-osieczna.pl\/?page_id=5721\" \/>\n<meta property=\"og:site_name\" content=\"Parafia Niepokalanego Pocz\u0119cia Naj\u015bwi\u0119tszej Maryi Panny w Osiecznej\" \/>\n<meta property=\"article:modified_time\" content=\"2024-08-27T18:14:21+00:00\" \/>\n<meta name=\"twitter:card\" content=\"summary_large_image\" \/>\n<meta name=\"twitter:label1\" content=\"Szacowany czas czytania\" \/>\n\t<meta name=\"twitter:data1\" content=\"3 minuty\" \/>\n<script type=\"application\/ld+json\" class=\"yoast-schema-graph\">{\"@context\":\"https:\/\/schema.org\",\"@graph\":[{\"@type\":\"WebPage\",\"@id\":\"https:\/\/parafia-osieczna.pl\/?page_id=5721\",\"url\":\"https:\/\/parafia-osieczna.pl\/?page_id=5721\",\"name\":\"STANDARDY OCHRONY MA\u0141OLETNICH W PARAFII \u2013 SKR\u00d3T - Parafia Niepokalanego Pocz\u0119cia Naj\u015bwi\u0119tszej Maryi Panny w Osiecznej\",\"isPartOf\":{\"@id\":\"https:\/\/parafia-osieczna.pl\/#website\"},\"datePublished\":\"2024-08-27T17:58:38+00:00\",\"dateModified\":\"2024-08-27T18:14:21+00:00\",\"breadcrumb\":{\"@id\":\"https:\/\/parafia-osieczna.pl\/?page_id=5721#breadcrumb\"},\"inLanguage\":\"pl-PL\",\"potentialAction\":[{\"@type\":\"ReadAction\",\"target\":[\"https:\/\/parafia-osieczna.pl\/?page_id=5721\"]}]},{\"@type\":\"BreadcrumbList\",\"@id\":\"https:\/\/parafia-osieczna.pl\/?page_id=5721#breadcrumb\",\"itemListElement\":[{\"@type\":\"ListItem\",\"position\":1,\"name\":\"Strona g\u0142\u00f3wna\",\"item\":\"https:\/\/parafia-osieczna.pl\/?page_id=206\"},{\"@type\":\"ListItem\",\"position\":2,\"name\":\"STANDARDY OCHRONY MA\u0141OLETNICH W PARAFII \u2013 SKR\u00d3T\"}]},{\"@type\":\"WebSite\",\"@id\":\"https:\/\/parafia-osieczna.pl\/#website\",\"url\":\"https:\/\/parafia-osieczna.pl\/\",\"name\":\"Parafia Niepokalanego Pocz\u0119cia Naj\u015bwi\u0119tszej Maryi Panny w Osiecznej\",\"description\":\"\",\"potentialAction\":[{\"@type\":\"SearchAction\",\"target\":{\"@type\":\"EntryPoint\",\"urlTemplate\":\"https:\/\/parafia-osieczna.pl\/?s={search_term_string}\"},\"query-input\":\"required name=search_term_string\"}],\"inLanguage\":\"pl-PL\"}]}<\/script>\n<!-- \/ Yoast SEO plugin. -->","yoast_head_json":{"title":"STANDARDY OCHRONY MA\u0141OLETNICH W PARAFII \u2013 SKR\u00d3T - Parafia Niepokalanego Pocz\u0119cia Naj\u015bwi\u0119tszej Maryi Panny w Osiecznej","robots":{"index":"index","follow":"follow","max-snippet":"max-snippet:-1","max-image-preview":"max-image-preview:large","max-video-preview":"max-video-preview:-1"},"canonical":"https:\/\/parafia-osieczna.pl\/?page_id=5721","og_locale":"pl_PL","og_type":"article","og_title":"STANDARDY OCHRONY MA\u0141OLETNICH W PARAFII \u2013 SKR\u00d3T - Parafia Niepokalanego Pocz\u0119cia Naj\u015bwi\u0119tszej Maryi Panny w Osiecznej","og_description":"BEZPIECZNE ZASADY KONTAKTU \u2756Wybieraj oficjalne, og\u00f3lnodost\u0119pne i przygotowane miejsca do spotka\u0144. Sakrament pokuty i pojednania oraz spotkania modlitewne lub duchowe powinny odbywa\u0107 si\u0119 tylko w specjalnie do tego wyznaczonych miejscach, takich jak konfesjona\u0142, kaplica lub biuro parafialne. \u2756 Unikaj przebywania z doros\u0142ym w odizolowanych warunkach.\u2756 Nie przebywaj w parafialnych pomieszczeniach mieszkalnych bez opieki rodzica lub [&hellip;]","og_url":"https:\/\/parafia-osieczna.pl\/?page_id=5721","og_site_name":"Parafia Niepokalanego Pocz\u0119cia Naj\u015bwi\u0119tszej Maryi Panny w Osiecznej","article_modified_time":"2024-08-27T18:14:21+00:00","twitter_card":"summary_large_image","twitter_misc":{"Szacowany czas czytania":"3 minuty"},"schema":{"@context":"https:\/\/schema.org","@graph":[{"@type":"WebPage","@id":"https:\/\/parafia-osieczna.pl\/?page_id=5721","url":"https:\/\/parafia-osieczna.pl\/?page_id=5721","name":"STANDARDY OCHRONY MA\u0141OLETNICH W PARAFII \u2013 SKR\u00d3T - Parafia Niepokalanego Pocz\u0119cia Naj\u015bwi\u0119tszej Maryi Panny w Osiecznej","isPartOf":{"@id":"https:\/\/parafia-osieczna.pl\/#website"},"datePublished":"2024-08-27T17:58:38+00:00","dateModified":"2024-08-27T18:14:21+00:00","breadcrumb":{"@id":"https:\/\/parafia-osieczna.pl\/?page_id=5721#breadcrumb"},"inLanguage":"pl-PL","potentialAction":[{"@type":"ReadAction","target":["https:\/\/parafia-osieczna.pl\/?page_id=5721"]}]},{"@type":"BreadcrumbList","@id":"https:\/\/parafia-osieczna.pl\/?page_id=5721#breadcrumb","itemListElement":[{"@type":"ListItem","position":1,"name":"Strona g\u0142\u00f3wna","item":"https:\/\/parafia-osieczna.pl\/?page_id=206"},{"@type":"ListItem","position":2,"name":"STANDARDY OCHRONY MA\u0141OLETNICH W PARAFII \u2013 SKR\u00d3T"}]},{"@type":"WebSite","@id":"https:\/\/parafia-osieczna.pl\/#website","url":"https:\/\/parafia-osieczna.pl\/","name":"Parafia Niepokalanego Pocz\u0119cia Naj\u015bwi\u0119tszej Maryi Panny w Osiecznej","description":"","potentialAction":[{"@type":"SearchAction","target":{"@type":"EntryPoint","urlTemplate":"https:\/\/parafia-osieczna.pl\/?s={search_term_string}"},"query-input":"required name=search_term_string"}],"inLanguage":"pl-PL"}]}},"_links":{"self":[{"href":"https:\/\/parafia-osieczna.pl\/index.php?rest_route=\/wp\/v2\/pages\/5721","targetHints":{"allow":["GET"]}}],"collection":[{"href":"https:\/\/parafia-osieczna.pl\/index.php?rest_route=\/wp\/v2\/pages"}],"about":[{"href":"https:\/\/parafia-osieczna.pl\/index.php?rest_route=\/wp\/v2\/types\/page"}],"author":[{"embeddable":true,"href":"https:\/\/parafia-osieczna.pl\/index.php?rest_route=\/wp\/v2\/users\/3"}],"replies":[{"embeddable":true,"href":"https:\/\/parafia-osieczna.pl\/index.php?rest_route=%2Fwp%2Fv2%2Fcomments&post=5721"}],"version-history":[{"count":3,"href":"https:\/\/parafia-osieczna.pl\/index.php?rest_route=\/wp\/v2\/pages\/5721\/revisions"}],"predecessor-version":[{"id":5743,"href":"https:\/\/parafia-osieczna.pl\/index.php?rest_route=\/wp\/v2\/pages\/5721\/revisions\/5743"}],"wp:attachment":[{"href":"https:\/\/parafia-osieczna.pl\/index.php?rest_route=%2Fwp%2Fv2%2Fmedia&parent=5721"}],"curies":[{"name":"wp","href":"https:\/\/api.w.org\/{rel}","templated":true}]}}