{"id":3388,"date":"2021-11-26T15:37:59","date_gmt":"2021-11-26T14:37:59","guid":{"rendered":"https:\/\/faratczew.pl\/?page_id=3388"},"modified":"2023-08-26T20:56:21","modified_gmt":"2023-08-26T18:56:21","slug":"kaplanstwo","status":"publish","type":"page","link":"https:\/\/parafia-osieczna.pl\/?page_id=3388","title":{"rendered":"Kap\u0142a\u0144stwo"},"content":{"rendered":"<section  class='av_textblock_section av-kwhwi5ab-36dd367712caf7eb5b1eec67dcf1e690 '  itemscope=\"itemscope\" itemtype=\"https:\/\/schema.org\/CreativeWork\" ><div class='avia_textblock '  itemprop=\"text\" ><figure class=\"wp-block-embed-youtube wp-block-embed is-type-video is-provider-youtube wp-embed-aspect-16-9 wp-has-aspect-ratio\">\n<div class=\"wp-block-embed__wrapper\">\n<div class=\"fluid-width-video-wrapper\"><iframe id=\"_ytid_91931\" class=\"__youtube_prefs__\" title=\"3MC \u2013 Trzyminutowy Katechizm - 46. Kto to jest kap\u0142an katolicki?\" src=\"https:\/\/www.youtube.com\/embed\/tijW6KeK24o?enablejsapi=1&amp;autoplay=0&amp;cc_load_policy=0&amp;iv_load_policy=1&amp;loop=0&amp;modestbranding=0&amp;rel=1&amp;fs=1&amp;playsinline=0&amp;autohide=2&amp;theme=dark&amp;color=red&amp;controls=1&amp;\" allowfullscreen=\"allowfullscreen\" data-origwidth=\"604\" data-origheight=\"340\" data-no-lazy=\"1\" data-skipgform_ajax_framebjll=\"\" data-mce-fragment=\"1\"><\/iframe><\/div>\n<\/div>\n<\/figure>\n<p class=\"has-medium-font-size\">Chrystus Najwy\u017cszy Kap\u0142an i\u00a0Dobry Pasterz powo\u0142uje do\u00a0swego sakramentalnego uobecnienia w\u00a0czasie Ko\u015bcio\u0142a m\u0119\u017cczyzn, kt\u00f3rych moc\u0105 \u015bwi\u0119ce\u0144 w\u0142\u0105cza w\u00a0szeregi kap\u0142a\u0144stwa hierarchicznego, czyli\u00a0s\u0142u\u017cebnego, aby\u00a0karmili lud Bo\u017cy s\u0142owem i\u00a0\u0142ask\u0105 Bo\u017c\u0105.<\/p>\n<figure class=\"wp-block-embed-youtube wp-block-embed is-type-video is-provider-youtube wp-embed-aspect-16-9 wp-has-aspect-ratio\">\n<div class=\"wp-block-embed__wrapper\">\n<div class=\"fluid-width-video-wrapper\"><iframe id=\"_ytid_54901\" class=\"__youtube_prefs__\" title=\"3MC \u2013 Trzyminutowy Katechizm - 47. Jakie s\u0105 stopnie sakramentu \u015bwi\u0119ce\u0144?\" src=\"https:\/\/www.youtube.com\/embed\/UDsBhExRCTQ?enablejsapi=1&amp;autoplay=0&amp;cc_load_policy=0&amp;iv_load_policy=1&amp;loop=0&amp;modestbranding=0&amp;rel=1&amp;fs=1&amp;playsinline=0&amp;autohide=2&amp;theme=dark&amp;color=red&amp;controls=1&amp;\" allowfullscreen=\"allowfullscreen\" data-origwidth=\"604\" data-origheight=\"340\" data-no-lazy=\"1\" data-skipgform_ajax_framebjll=\"\" data-mce-fragment=\"1\"><\/iframe><\/div>\n<\/div>\n<\/figure>\n<p class=\"has-medium-font-size\">W ka\u017cdy I czwartek miesi\u0105ca, modlimy si\u0119 o\u00a0nowe, liczne i\u00a0dobre powo\u0142ania kap\u0142a\u0144skie, zakonne i\u00a0misyjne.<\/p>\n<div class=\"entry-content\"><\/div>\n<p><strong>Modlitwa o powo\u0142ania<\/strong><\/p>\n<p>O Jezu, Boski Pasterzu, kt\u00f3ry powo\u0142a\u0142e\u015b Aposto\u0142\u00f3w, aby ich uczyni\u0107 \u0142owcami dusz, poci\u0105gnij ku sobie gor\u0105ce i szlachetne umys\u0142y m\u0142odych i uczy\u0144 ich swoimi na\u015bladowcami i swoimi s\u0142ugami. Spraw, by pragn\u0119li tak jak Ty, powszechnego odkupienia, dla kt\u00f3rego ustawicznie ponawiasz na o\u0142tarzu swoj\u0105 ofiar\u0119.<\/p>\n<p>Panie, kt\u00f3ry \u017cyjesz, aby si\u0119 wstawia\u0107 za nami, otw\u00f3rz przed nimi takie horyzonty, by dostrzegli ca\u0142y \u015bwiat, w kt\u00f3rym wznosi si\u0119 niema pro\u015bba tak wielu braci o \u015bwiat\u0142o prawdy i ciep\u0142o mi\u0142o\u015bci. Spraw, by odpowiadaj\u0105c na Twoje wo\u0142anie, przed\u0142u\u017cali tu, na ziemi, Twoj\u0105 misj\u0119, budowali Twoje Cia\u0142o Mistyczne \u2013 Ko\u015bci\u00f3\u0142 i byli sol\u0105 ziemi i \u015bwiat\u0142o\u015bci\u0105 \u015bwiata.<\/p>\n<p><img loading=\"lazy\" decoding=\"async\" class=\"aligncenter wp-image-4653 \" src=\"https:\/\/faratczew.pl\/wp-content\/uploads\/2022\/11\/fag-pyt-1030x388.jpg\" alt=\"\" width=\"641\" height=\"241\" \/><\/p>\n<\/div><\/section>\n","protected":false},"excerpt":{"rendered":"","protected":false},"author":3,"featured_media":0,"parent":0,"menu_order":0,"comment_status":"closed","ping_status":"closed","template":"","meta":{"footnotes":""},"class_list":["post-3388","page","type-page","status-publish","hentry"],"yoast_head":"<!-- This site is optimized with the Yoast SEO plugin v19.7.1 - https:\/\/yoast.com\/wordpress\/plugins\/seo\/ -->\n<title>Kap\u0142a\u0144stwo - Parafia Niepokalanego Pocz\u0119cia Naj\u015bwi\u0119tszej Maryi Panny w Osiecznej<\/title>\n<meta name=\"robots\" content=\"index, follow, max-snippet:-1, max-image-preview:large, max-video-preview:-1\" \/>\n<link rel=\"canonical\" href=\"https:\/\/parafia-osieczna.pl\/?page_id=3388\" \/>\n<meta property=\"og:locale\" content=\"pl_PL\" \/>\n<meta property=\"og:type\" content=\"article\" \/>\n<meta property=\"og:title\" content=\"Kap\u0142a\u0144stwo - Parafia Niepokalanego Pocz\u0119cia Naj\u015bwi\u0119tszej Maryi Panny w Osiecznej\" \/>\n<meta property=\"og:url\" content=\"https:\/\/parafia-osieczna.pl\/?page_id=3388\" \/>\n<meta property=\"og:site_name\" content=\"Parafia Niepokalanego Pocz\u0119cia Naj\u015bwi\u0119tszej Maryi Panny w Osiecznej\" \/>\n<meta property=\"article:modified_time\" content=\"2023-08-26T18:56:21+00:00\" \/>\n<meta property=\"og:image\" content=\"https:\/\/faratczew.pl\/wp-content\/uploads\/2022\/11\/fag-pyt-1030x388.jpg\" \/>\n<meta name=\"twitter:card\" content=\"summary_large_image\" \/>\n<meta name=\"twitter:label1\" content=\"Szacowany czas czytania\" \/>\n\t<meta name=\"twitter:data1\" content=\"2 minuty\" \/>\n<script type=\"application\/ld+json\" class=\"yoast-schema-graph\">{\"@context\":\"https:\/\/schema.org\",\"@graph\":[{\"@type\":\"WebPage\",\"@id\":\"https:\/\/parafia-osieczna.pl\/?page_id=3388\",\"url\":\"https:\/\/parafia-osieczna.pl\/?page_id=3388\",\"name\":\"Kap\u0142a\u0144stwo - Parafia Niepokalanego Pocz\u0119cia Naj\u015bwi\u0119tszej Maryi Panny w Osiecznej\",\"isPartOf\":{\"@id\":\"https:\/\/parafia-osieczna.pl\/#website\"},\"datePublished\":\"2021-11-26T14:37:59+00:00\",\"dateModified\":\"2023-08-26T18:56:21+00:00\",\"breadcrumb\":{\"@id\":\"https:\/\/parafia-osieczna.pl\/?page_id=3388#breadcrumb\"},\"inLanguage\":\"pl-PL\",\"potentialAction\":[{\"@type\":\"ReadAction\",\"target\":[\"https:\/\/parafia-osieczna.pl\/?page_id=3388\"]}]},{\"@type\":\"BreadcrumbList\",\"@id\":\"https:\/\/parafia-osieczna.pl\/?page_id=3388#breadcrumb\",\"itemListElement\":[{\"@type\":\"ListItem\",\"position\":1,\"name\":\"Strona g\u0142\u00f3wna\",\"item\":\"https:\/\/parafia-osieczna.pl\/?page_id=206\"},{\"@type\":\"ListItem\",\"position\":2,\"name\":\"Kap\u0142a\u0144stwo\"}]},{\"@type\":\"WebSite\",\"@id\":\"https:\/\/parafia-osieczna.pl\/#website\",\"url\":\"https:\/\/parafia-osieczna.pl\/\",\"name\":\"Parafia Niepokalanego Pocz\u0119cia Naj\u015bwi\u0119tszej Maryi Panny w Osiecznej\",\"description\":\"\",\"potentialAction\":[{\"@type\":\"SearchAction\",\"target\":{\"@type\":\"EntryPoint\",\"urlTemplate\":\"https:\/\/parafia-osieczna.pl\/?s={search_term_string}\"},\"query-input\":\"required name=search_term_string\"}],\"inLanguage\":\"pl-PL\"}]}<\/script>\n<!-- \/ Yoast SEO plugin. -->","yoast_head_json":{"title":"Kap\u0142a\u0144stwo - Parafia Niepokalanego Pocz\u0119cia Naj\u015bwi\u0119tszej Maryi Panny w Osiecznej","robots":{"index":"index","follow":"follow","max-snippet":"max-snippet:-1","max-image-preview":"max-image-preview:large","max-video-preview":"max-video-preview:-1"},"canonical":"https:\/\/parafia-osieczna.pl\/?page_id=3388","og_locale":"pl_PL","og_type":"article","og_title":"Kap\u0142a\u0144stwo - Parafia Niepokalanego Pocz\u0119cia Naj\u015bwi\u0119tszej Maryi Panny w Osiecznej","og_url":"https:\/\/parafia-osieczna.pl\/?page_id=3388","og_site_name":"Parafia Niepokalanego Pocz\u0119cia Naj\u015bwi\u0119tszej Maryi Panny w Osiecznej","article_modified_time":"2023-08-26T18:56:21+00:00","og_image":[{"url":"https:\/\/faratczew.pl\/wp-content\/uploads\/2022\/11\/fag-pyt-1030x388.jpg"}],"twitter_card":"summary_large_image","twitter_misc":{"Szacowany czas czytania":"2 minuty"},"schema":{"@context":"https:\/\/schema.org","@graph":[{"@type":"WebPage","@id":"https:\/\/parafia-osieczna.pl\/?page_id=3388","url":"https:\/\/parafia-osieczna.pl\/?page_id=3388","name":"Kap\u0142a\u0144stwo - Parafia Niepokalanego Pocz\u0119cia Naj\u015bwi\u0119tszej Maryi Panny w Osiecznej","isPartOf":{"@id":"https:\/\/parafia-osieczna.pl\/#website"},"datePublished":"2021-11-26T14:37:59+00:00","dateModified":"2023-08-26T18:56:21+00:00","breadcrumb":{"@id":"https:\/\/parafia-osieczna.pl\/?page_id=3388#breadcrumb"},"inLanguage":"pl-PL","potentialAction":[{"@type":"ReadAction","target":["https:\/\/parafia-osieczna.pl\/?page_id=3388"]}]},{"@type":"BreadcrumbList","@id":"https:\/\/parafia-osieczna.pl\/?page_id=3388#breadcrumb","itemListElement":[{"@type":"ListItem","position":1,"name":"Strona g\u0142\u00f3wna","item":"https:\/\/parafia-osieczna.pl\/?page_id=206"},{"@type":"ListItem","position":2,"name":"Kap\u0142a\u0144stwo"}]},{"@type":"WebSite","@id":"https:\/\/parafia-osieczna.pl\/#website","url":"https:\/\/parafia-osieczna.pl\/","name":"Parafia Niepokalanego Pocz\u0119cia Naj\u015bwi\u0119tszej Maryi Panny w Osiecznej","description":"","potentialAction":[{"@type":"SearchAction","target":{"@type":"EntryPoint","urlTemplate":"https:\/\/parafia-osieczna.pl\/?s={search_term_string}"},"query-input":"required name=search_term_string"}],"inLanguage":"pl-PL"}]}},"_links":{"self":[{"href":"https:\/\/parafia-osieczna.pl\/index.php?rest_route=\/wp\/v2\/pages\/3388","targetHints":{"allow":["GET"]}}],"collection":[{"href":"https:\/\/parafia-osieczna.pl\/index.php?rest_route=\/wp\/v2\/pages"}],"about":[{"href":"https:\/\/parafia-osieczna.pl\/index.php?rest_route=\/wp\/v2\/types\/page"}],"author":[{"embeddable":true,"href":"https:\/\/parafia-osieczna.pl\/index.php?rest_route=\/wp\/v2\/users\/3"}],"replies":[{"embeddable":true,"href":"https:\/\/parafia-osieczna.pl\/index.php?rest_route=%2Fwp%2Fv2%2Fcomments&post=3388"}],"version-history":[{"count":3,"href":"https:\/\/parafia-osieczna.pl\/index.php?rest_route=\/wp\/v2\/pages\/3388\/revisions"}],"predecessor-version":[{"id":5247,"href":"https:\/\/parafia-osieczna.pl\/index.php?rest_route=\/wp\/v2\/pages\/3388\/revisions\/5247"}],"wp:attachment":[{"href":"https:\/\/parafia-osieczna.pl\/index.php?rest_route=%2Fwp%2Fv2%2Fmedia&parent=3388"}],"curies":[{"name":"wp","href":"https:\/\/api.w.org\/{rel}","templated":true}]}}