{"id":3366,"date":"2021-11-26T15:17:06","date_gmt":"2021-11-26T14:17:06","guid":{"rendered":"https:\/\/faratczew.pl\/?page_id=3366"},"modified":"2023-08-26T20:50:03","modified_gmt":"2023-08-26T18:50:03","slug":"chrzest","status":"publish","type":"page","link":"https:\/\/parafia-osieczna.pl\/?page_id=3366","title":{"rendered":"Chrzest"},"content":{"rendered":"<section  class='av_textblock_section av-kwggw7wo-5efff3b6c92b19f6eed40ef128a90a5d '  itemscope=\"itemscope\" itemtype=\"https:\/\/schema.org\/CreativeWork\" ><div class='avia_textblock '  itemprop=\"text\" ><p class=\"has-medium-font-size\">\u201ePierwszym sakramentem wtajemniczenia chrze\u015bcija\u0144skiego jest chrzest \u015bwi\u0119ty,\u00a0sakrament jedno\u015bci w\u00a0Chrystusie. Jako pierwsze wydarzenie inicjacji chrze\u015bcija\u0144skiej stanowi dar Tr\u00f3jcy \u015awi\u0119tej, udzielaj\u0105cy \u017cycia Bo\u017cego, u\u015bwi\u0119cenia i\u00a0w\u0142\u0105czenia cz\u0142owieka do\u00a0Ko\u015bcio\u0142a\u201d\u2013 czytamy w\u00a0dokumentach I Synodu Diecezji Pelpli\u0144skiej. Dalej ten\u017ce Synod wyja\u015bnia: \u201e\u00a0Miejscem chrztu dziecka jest ko\u015bci\u00f3\u0142 parafialny jego rodzic\u00f3w. Wsp\u00f3lnota parafialna wspiera modlitw\u0105 ochrzczonego, jego rodzic\u00f3w i\u00a0chrzestnych. Poniewa\u017c chrzest jest wydarzeniem paschalnym i\u00a0wsp\u00f3lnotowym, winien by\u0107 udzielany w\u00a0niedziel\u0119, bowiem w\u00a0ka\u017cd\u0105 niedziel\u0119 Ko\u015bci\u00f3\u0142 wspomina zmartwychwstanie Pana\u201dRodzice chrzestni powinni by\u0107 oni praktykuj\u0105cymi katolikami, przyst\u0119puj\u0105cymi do\u00a0sakrament\u00f3w \u015bwi\u0119tych i\u00a0odznaczaj\u0105cymi si\u0119 gorliwo\u015bci\u0105 w\u00a0\u017cyciu religijnym.\u00a0Chrzestni maj\u0105 wspiera\u0107 rodzic\u00f3w i\u00a0parafi\u0119 w\u00a0katolickim wychowaniu\u00a0dzieci, aby\u00a0\u017cy\u0142y zgodnie z\u00a0wiar\u0105. Musz\u0105 wi\u0119c\u00a0sami j\u0105 mie\u0107 i\u00a0ni\u0105 \u017cy\u0107.\u00a0Kandydat na\u00a0chrzestnego z\u00a0innej parafii winien przedstawi\u0107 pismo w\u0142asnego proboszcza o\u00a0zdolno\u015bci religijno-moralnej dla\u00a0podj\u0119cia urz\u0119du chrzestnego\/nej.<\/p>\n<figure class=\"wp-block-embed-youtube wp-block-embed is-type-video is-provider-youtube wp-embed-aspect-16-9 wp-has-aspect-ratio\">\n<div class=\"wp-block-embed__wrapper\">\n<div class=\"fluid-width-video-wrapper\"><iframe id=\"_ytid_30239\" class=\"__youtube_prefs__\" title=\"3MC \u2013 Trzyminutowy Katechizm - 36. Co to jest chrzest?\" src=\"https:\/\/www.youtube.com\/embed\/VDuVzNdhf-k?enablejsapi=1&amp;autoplay=0&amp;cc_load_policy=0&amp;iv_load_policy=1&amp;loop=0&amp;modestbranding=0&amp;rel=1&amp;fs=1&amp;playsinline=0&amp;autohide=2&amp;theme=dark&amp;color=red&amp;controls=1&amp;\" allowfullscreen=\"allowfullscreen\" data-origwidth=\"604\" data-origheight=\"340\" data-no-lazy=\"1\" data-skipgform_ajax_framebjll=\"\" data-mce-fragment=\"1\"><\/iframe><\/div>\n<\/div>\n<\/figure>\n<p class=\"has-medium-font-size\"><strong>Do zg\u0142oszenia chrztu potrzebne s\u0105:<\/strong><br \/>\n&#8211; akt urodzenia dziecka<br \/>\n&#8211; rodzice chrzestni musz\u0105 otrzyma\u0107 za\u015bwiadczenia, i\u017c ich proboszcz zgadza si\u0119 by pe\u0142nili t\u0119 funkcje<\/p>\n<\/div><\/section>\n","protected":false},"excerpt":{"rendered":"","protected":false},"author":3,"featured_media":0,"parent":0,"menu_order":0,"comment_status":"closed","ping_status":"closed","template":"","meta":{"footnotes":""},"class_list":["post-3366","page","type-page","status-publish","hentry"],"yoast_head":"<!-- This site is optimized with the Yoast SEO plugin v19.7.1 - https:\/\/yoast.com\/wordpress\/plugins\/seo\/ -->\n<title>Chrzest - Parafia Niepokalanego Pocz\u0119cia Naj\u015bwi\u0119tszej Maryi Panny w Osiecznej<\/title>\n<meta name=\"robots\" content=\"index, follow, max-snippet:-1, max-image-preview:large, max-video-preview:-1\" \/>\n<link rel=\"canonical\" href=\"https:\/\/parafia-osieczna.pl\/?page_id=3366\" \/>\n<meta property=\"og:locale\" content=\"pl_PL\" \/>\n<meta property=\"og:type\" content=\"article\" \/>\n<meta property=\"og:title\" content=\"Chrzest - Parafia Niepokalanego Pocz\u0119cia Naj\u015bwi\u0119tszej Maryi Panny w Osiecznej\" \/>\n<meta property=\"og:url\" content=\"https:\/\/parafia-osieczna.pl\/?page_id=3366\" \/>\n<meta property=\"og:site_name\" content=\"Parafia Niepokalanego Pocz\u0119cia Naj\u015bwi\u0119tszej Maryi Panny w Osiecznej\" \/>\n<meta property=\"article:modified_time\" content=\"2023-08-26T18:50:03+00:00\" \/>\n<meta name=\"twitter:card\" content=\"summary_large_image\" \/>\n<meta name=\"twitter:label1\" content=\"Szacowany czas czytania\" \/>\n\t<meta name=\"twitter:data1\" content=\"1 minuta\" \/>\n<script type=\"application\/ld+json\" class=\"yoast-schema-graph\">{\"@context\":\"https:\/\/schema.org\",\"@graph\":[{\"@type\":\"WebPage\",\"@id\":\"https:\/\/parafia-osieczna.pl\/?page_id=3366\",\"url\":\"https:\/\/parafia-osieczna.pl\/?page_id=3366\",\"name\":\"Chrzest - Parafia Niepokalanego Pocz\u0119cia Naj\u015bwi\u0119tszej Maryi Panny w Osiecznej\",\"isPartOf\":{\"@id\":\"https:\/\/parafia-osieczna.pl\/#website\"},\"datePublished\":\"2021-11-26T14:17:06+00:00\",\"dateModified\":\"2023-08-26T18:50:03+00:00\",\"breadcrumb\":{\"@id\":\"https:\/\/parafia-osieczna.pl\/?page_id=3366#breadcrumb\"},\"inLanguage\":\"pl-PL\",\"potentialAction\":[{\"@type\":\"ReadAction\",\"target\":[\"https:\/\/parafia-osieczna.pl\/?page_id=3366\"]}]},{\"@type\":\"BreadcrumbList\",\"@id\":\"https:\/\/parafia-osieczna.pl\/?page_id=3366#breadcrumb\",\"itemListElement\":[{\"@type\":\"ListItem\",\"position\":1,\"name\":\"Strona g\u0142\u00f3wna\",\"item\":\"https:\/\/parafia-osieczna.pl\/?page_id=206\"},{\"@type\":\"ListItem\",\"position\":2,\"name\":\"Chrzest\"}]},{\"@type\":\"WebSite\",\"@id\":\"https:\/\/parafia-osieczna.pl\/#website\",\"url\":\"https:\/\/parafia-osieczna.pl\/\",\"name\":\"Parafia Niepokalanego Pocz\u0119cia Naj\u015bwi\u0119tszej Maryi Panny w Osiecznej\",\"description\":\"\",\"potentialAction\":[{\"@type\":\"SearchAction\",\"target\":{\"@type\":\"EntryPoint\",\"urlTemplate\":\"https:\/\/parafia-osieczna.pl\/?s={search_term_string}\"},\"query-input\":\"required name=search_term_string\"}],\"inLanguage\":\"pl-PL\"}]}<\/script>\n<!-- \/ Yoast SEO plugin. -->","yoast_head_json":{"title":"Chrzest - Parafia Niepokalanego Pocz\u0119cia Naj\u015bwi\u0119tszej Maryi Panny w Osiecznej","robots":{"index":"index","follow":"follow","max-snippet":"max-snippet:-1","max-image-preview":"max-image-preview:large","max-video-preview":"max-video-preview:-1"},"canonical":"https:\/\/parafia-osieczna.pl\/?page_id=3366","og_locale":"pl_PL","og_type":"article","og_title":"Chrzest - Parafia Niepokalanego Pocz\u0119cia Naj\u015bwi\u0119tszej Maryi Panny w Osiecznej","og_url":"https:\/\/parafia-osieczna.pl\/?page_id=3366","og_site_name":"Parafia Niepokalanego Pocz\u0119cia Naj\u015bwi\u0119tszej Maryi Panny w Osiecznej","article_modified_time":"2023-08-26T18:50:03+00:00","twitter_card":"summary_large_image","twitter_misc":{"Szacowany czas czytania":"1 minuta"},"schema":{"@context":"https:\/\/schema.org","@graph":[{"@type":"WebPage","@id":"https:\/\/parafia-osieczna.pl\/?page_id=3366","url":"https:\/\/parafia-osieczna.pl\/?page_id=3366","name":"Chrzest - Parafia Niepokalanego Pocz\u0119cia Naj\u015bwi\u0119tszej Maryi Panny w Osiecznej","isPartOf":{"@id":"https:\/\/parafia-osieczna.pl\/#website"},"datePublished":"2021-11-26T14:17:06+00:00","dateModified":"2023-08-26T18:50:03+00:00","breadcrumb":{"@id":"https:\/\/parafia-osieczna.pl\/?page_id=3366#breadcrumb"},"inLanguage":"pl-PL","potentialAction":[{"@type":"ReadAction","target":["https:\/\/parafia-osieczna.pl\/?page_id=3366"]}]},{"@type":"BreadcrumbList","@id":"https:\/\/parafia-osieczna.pl\/?page_id=3366#breadcrumb","itemListElement":[{"@type":"ListItem","position":1,"name":"Strona g\u0142\u00f3wna","item":"https:\/\/parafia-osieczna.pl\/?page_id=206"},{"@type":"ListItem","position":2,"name":"Chrzest"}]},{"@type":"WebSite","@id":"https:\/\/parafia-osieczna.pl\/#website","url":"https:\/\/parafia-osieczna.pl\/","name":"Parafia Niepokalanego Pocz\u0119cia Naj\u015bwi\u0119tszej Maryi Panny w Osiecznej","description":"","potentialAction":[{"@type":"SearchAction","target":{"@type":"EntryPoint","urlTemplate":"https:\/\/parafia-osieczna.pl\/?s={search_term_string}"},"query-input":"required name=search_term_string"}],"inLanguage":"pl-PL"}]}},"_links":{"self":[{"href":"https:\/\/parafia-osieczna.pl\/index.php?rest_route=\/wp\/v2\/pages\/3366","targetHints":{"allow":["GET"]}}],"collection":[{"href":"https:\/\/parafia-osieczna.pl\/index.php?rest_route=\/wp\/v2\/pages"}],"about":[{"href":"https:\/\/parafia-osieczna.pl\/index.php?rest_route=\/wp\/v2\/types\/page"}],"author":[{"embeddable":true,"href":"https:\/\/parafia-osieczna.pl\/index.php?rest_route=\/wp\/v2\/users\/3"}],"replies":[{"embeddable":true,"href":"https:\/\/parafia-osieczna.pl\/index.php?rest_route=%2Fwp%2Fv2%2Fcomments&post=3366"}],"version-history":[{"count":5,"href":"https:\/\/parafia-osieczna.pl\/index.php?rest_route=\/wp\/v2\/pages\/3366\/revisions"}],"predecessor-version":[{"id":5241,"href":"https:\/\/parafia-osieczna.pl\/index.php?rest_route=\/wp\/v2\/pages\/3366\/revisions\/5241"}],"wp:attachment":[{"href":"https:\/\/parafia-osieczna.pl\/index.php?rest_route=%2Fwp%2Fv2%2Fmedia&parent=3366"}],"curies":[{"name":"wp","href":"https:\/\/api.w.org\/{rel}","templated":true}]}}